 is -33 + 48 - -5 - (-16 - -2)?
34
50 - 3 - (62 + (-36 - 3))
24
Evaluate -39 + 86 + 184 + -133.
98
Evaluate (72 - (-89 + 144)) + (-18 - 1).
-2
Evaluate 4222 + -4264 + 0 + 110.
68
Evaluate -76 - (16 - (28 + 33)).
-31
Calculate (-19 - (-3 - -9) - (2 + (-13 - -1))) + 138.
123
4 + 29 + -12 - (-1 + -5)
27
What is -18 - -70 - 105 - -19?
-34
What is -618 + 537 + (96 - 4)?
11
What is the value of (48 - 21) + -14 + -74?
-61
What is (20 - -1) + -3552 + 3596?
65
What is the value of (19 - (-6 - (17 + -38))) + 42?
46
Calculate 0 + -1 + 7 + (-10 - 0) + 34 + 2.
32
What is the value of (-2 - -14 - (4 + 12) - 10) + 111?
97
Calculate (-1 - 60) + (319 - 323).
-65
-4 + (0 - -1) - (-96 - -49 - -8)
36
What is the value of -7 + -32 + -5 + -10?
-54
Evaluate 71 - (-101 - -104 - (9 - 3 - 18)).
56
What is the value of -68 + (91 - (3 + -2))?
22
1 + 25 - (334 - 342)
34
What is (22 - (5 + -7 + 0)) + 570 + -671?
-77
-20 + (-72 + 100 - 58)
-50
What is the value of -41 - (-88 + 64) - -29?
12
What is (-61 - -55 - (-15 - 0)) + 46?
55
What is -25 + (217 - 236) + 1 + 4?
-39
Calculate -47 + 126 + (26 - 66).
39
Calculate 22 + (72 + (4 - 30) - -27).
95
1 - 1 - 1 - 0 - -1 - (-29675 + 29629)
46
What is the value of -148 + 177 + (3 - (8 - -6))?
18
Calculate -54 + 1 - (406 - 507).
48
Calculate -88 + 57 - -21 - -58.
48
-26 + -82 + 28 + 107
27
Calculate 1 - (-4 - -2) - (56 + -18).
-35
What is the value of -3794 - -4041 - (110 + 1)?
136
-883 + 872 + (-4 - (-3 - -4))
-16
Calculate (-335 - -259) + 58 + 1.
-17
Evaluate (2 - 9) + (29 + 39 - 77).
-16
Evaluate (-17 - (-11 - -42 - 81)) + 16.
49
Calculate (0 - 70) + 108 - 43.
-5
Evaluate -141 + 130 - (-2 - -34).
-43
What is 73 + -167 - (-6 - 73)?
-15
Evaluate (-2 - (-1 - -3)) + (1458 - 1465) + 16 + 103.
108
(-46 - -33) + 88 - 131
-56
What is -2 + (10 - (14 - (-10 - -14 - 52)))?
-54
What is the value of (-26 - -4 - -5) + (-51 - -75) + -68?
-61
-5 + 23 + 221 + -201
38
What is 4 + (-5 - -13) + -18 + -1 + 3?
-4
What is the value of (34 - -67) + -109 + (-5 - (-1 - 0)) + 6?
-6
What is (135 - 4) + 0 + (35 + -65 - -10 - -23)?
134
What is the value of -2 + 0 + (47 - -1) + (-105 - -100) + 10?
51
What is 6 + (-2 - -1) + 2 + (-19287 - -19297)?
17
Calculate (0 - (35 - 4)) + (-867 - -886).
-12
-30 + (36 - (55 - 85))
36
What is the value of 2 - (76 + (-9 - (2 - (-4 + 12 + 1))))?
-72
What is (3 - -98) + (-58 - (11 - 60))?
92
What is the value of 12 - 21 - -99 - (91 - 93) - 1?
91
Calculate -62 + 67 + (-7 - 28).
-30
What is the value of -3 + -69 - (112 + -56 + -67)?
-61
Evaluate (-5 - -77) + -77 - -7.
2
What is (-1 - -5) + 3 + (66 - 82) - 12?
-21
Calculate 14 - (-16 + 18 + 0) - 17.
-5
2 + -14 + (-124 - (-8 + (-8 - -14) - 13))
-121
-26 - (-13 + -30 - -20)
-3
What is (-5 - 4) + (-97 - -75)?
-31
Calculate (-4 - -56) + -5 + -19 + (12 - 13 - -21).
48
Evaluate (-18 - -2) + (-1 - -11) + 2 + 22.
18
(0 - (2 + 7)) + -8 + 11 - (-2022 + 2032)
-16
-32 - (9 - 22 - 2) - -24
7
What is the value of 12 + 17 + -19 + (6 - (-5 + 5 - -2))?
14
Calculate (-13 - -2 - 3) + (21 - (-11 + 21)).
-3
What is the value of -52 - 1 - (-744 + 709) - (1 - 7)?
-12
Calculate (1 - -2) + -40 + (396 - 386) - -8.
-19
Evaluate 166 + -129 - (78 + -1).
-40
(-11 + 4 + 3 + -17 - (-9 + 1)) + -5
-18
What is the value of 35 + -26 - ((14 - 57) + -6)?
58
What is the value of -62 + (-201 + 250 - (33 - -1))?
-47
-36 - (78 + -29 + -41)
-44
-1 - 12 - (-58 - 124 - -155)
14
Calculate (-8 - -25) + -10 + 42 + (-3 - -8).
54
What is the value of 39 + -26 + 9 + -75 + 1 + 8?
-44
What is 63 + (13 - 49) + -4?
23
-26 + 23 + (8 - (-13 + 8))
10
59 + -115 + (14 - -5)
-37
Evaluate -17 + 99 + 9 + (-27 + -2 - 1).
61
Calculate (24 + 0 + -4 + 3 - 5) + (10 - 12).
16
What is 0 + -1 + (-159 - -162) + 22 + -2 + 10?
32
What is -2 + (0 - -1 - -10 - (108 + -49))?
-50
What is ((-1 - 14) + 6 + 6 - -6) + 3?
6
23 + -8 - ((-30 - -6) + -5 + 9)
35
Evaluate 126 + 8 + (2 - 23).
113
Evaluate -6 + (-1 + 9 - (310 - 297)).
-11
What is -77 - ((1 - (-8 + 13)) + -5 - -4)?
-72
Calculate (32 + -62 - -26) + -3 + 1.
-6
(7 - -7) + (-43 - (1 - 30))
0
-64 + 16 + (-12 - -17) + (-2 + -16 - -3)
-58
Calculate 120 - (9 - -70 - -9).
32
Evaluate 85 - (9 + (-9 - (0 + -2)) + -606 + 596).
93
Calculate 12 - 0 - (132 - (201 - 96)).
-15
-103 - ((-6 + 6 - 14) + 10 - (7 - 0))
-92
What is the value of (41 - 42) + (19 - 34) + 42?
26
Calculate 70 + 32 + 198 + -349.
-49
What is -49 + 18 + 40 + (-12 - 0) - -71?
68
Calculate 24 + -63 - (9 + -5).
-43
What is the value of (-21 + 19 + 25 + -35 - (18 + -2)) + -3?
-31
Calculate (-127 - -58) + -3 + -26 - -41.
-57
What is the value of (-15 + -12 - (41 - 57)) + -2 + 3 + 98?
88
Calculate -7 - (27 - -5 - 1 - (-9 + 31)).
-16
What is -1 - -2 - (4 + -11 + 76 + 13)?
-81
(81 - (-69 + 198)) + 108
60
Calculate (-3 - (-3 - -2)) + 21 - (-2694 + 2628).
85
Calculate (-63 - 36) + 183 + -69.
15
What is the value of -36 - (-21 + (51 - 67))?
1
Evaluate (-2 - -11) + -9 + 2 + 15.
17
What is (13 - 36 - -8) + -5 + 8 + 97?
85
What is -16 + (-4 - 35 - -108)?
53
Evaluate 51 + -2 - (-7 + 1 + (223 - 224)).
56
What is (35 - 0) + -2 + 3?
36
What is the value of -50 + 57 + -23 + (-2 - -11)?
-7
Calculate 23 - (-5 + (-13 - (0 - 8)) - -21 - -2).
10
What is the value of -114 - (160 + -86 - 292)?
104
107 + (-186 - -139 - (4 + -27))
83
Evaluate 121 - (35 + (5 - -9) + -20).
92
Evaluate -39 + (-92 + 89 - (1 - 29)) + -48.
-62
Evaluate 2 - (0 + 0 - 12) - (-63 + 54).
23
Calculate 29 + -130 - 123 - -144.
-80
Calculate (-10 + 64 - (35 - 18)) + -15.
22
Evaluate -1 - -67 - (-84 - -106 - 11) - 10.
45
What is (14 - -4) + (-9 + 0 - (162 - 191))?
38
(-121 - -118 - ((1 - 15) + 1)) + (-926 - -844)
-72
Evaluate 8 - ((-103 - -73) + 16 + -4 + 15).
11
What is the value of -5 + 1 + (6 - 4 - (9 + -52) - -3)?
44
What is -46 + -79 + (224 - 85)?
14
213 + -2 + -962 + 858
107
What is -23 + -4 - -2 - (-6193 - -6232)?
-64
4 + -24 - -15 - 29
-34
Evaluate -57 - (-8 + (2 - -3) + 14).
-68
Evaluate (8 - -4) + 5 + (-2 - -9) + -4.
20
Evaluate 9 + -3 - -3 - (57 - 1 - (-12 + 6)).
-53
Evaluate -914 + 870 + -2 + 79.
33
-147 + 56 + -37 + 115
-13
What is 17 + -96 - (-48 - -51 - (7 - 0))?
-75
Calculate -9 + 67 + -73 - (-3 + 2).
-14
83 - 8 - ((77 - 57 - (9 + 1)) + -17)
82
What is the value of 3 + 50 + (4 - -7 - 21) + -8?
35
What is the value of (-14 - 110) + 81 + -54 + 3?
-94
Evaluate -14 - (77 - ((-13 - (14 + -24)) + 6) - 14).
-74
Evaluate -4 - -16 - (-2 + 9 - -1 - -44).
-40
What is 5 - ((-7 - -7) + 4 + 26 + 84)?
-109
What is the value of -38 - (-2 + 0) - (235 - 284)?
13
What is -53 + 17 - (-20 + -3) - -8?
-5
What is -12 + (-6 - (-3 + -8 - 0)) + -38?
-45
Calculate -113 + -1 + -8 + 38 + (-29 - -16) + -31.
-128
What is the value of 14 + -14 - (11 - -2)?
-13
Evaluate -1 + 65 + 1 + (-76 - (-4 - (93 + -8))).
78
Evaluate 35 + (-2 - (10 + 21 + -13)).
15
What is the value of 18 - (102 + 91 + -44)?
-131
-19 + 20 + 18 + -12 + -53 + 2
-44
Evaluate -14 + 6 + -54 + -26 + 45.
-43
Evaluate -43 - (-156 - (-29 + (9 - -37))).
130
(3 - 3) + -68 - (11 - (6 - (-9 + -3)))
-61
What is the value of 67 + -2 - (-11420 - -11503)?
-18
-30 + (-5 - -9) + 6
-20
What is the value of -74 - (45 + (-112 - -54) - (-2 - 5))?
-68
What is the value of -40 + 30 + -23 + 1?
-32
What is the value of -1 - (16 + -62 + -74 - (-8 + 0))?
111
-10 - (-25 - (-32 + 75))
58
Calculate 4 + (0 - 9 - 2) + (-1 - -8).
0
What is the value of (3 - 0 - (9 + 1)) + (-22 - -32)?
3
Evaluate 3643 + -3629 + 35 + 0.
49
Calculate (-15 - 0) + (23 - (-10 - -35) - -7).
-10
What is the value of 1114 - 1055 - (60 - -2)?
-3
What is the value of (-13 + 0 - (177 + -181)) + 1 + (1 - -46)?
39
Calculate (132 + -4 + -6 + -7 - 14) + 18 + -11.
108
What is the value of 0 + 29 + (19 - 34) + 5 + (2 - 7)?
14
What is the value of 116 + -5 + 87 + -165?
33
Calculate (15 + -12 - 3) + -4 + -20 + 4.
-20
56 + (14 - (74 + -54))
50
What is the value of (-6 - ((-10 - -17) + 7)) + 64?
44
What is the value of 53 + (-844 - -834 - (-36 + -4))?
83
What is the value of -15 + (1 - 17 - -26) - -10?
5
Calculate 44 + 1 - (-10 - (7 + -7 + -2)).
53
Evaluate 0 - -18 - ((61 - 117) + 68).
6
Calculate 5 - (250 + -264 + 0 + 63 + -4).
-40
What is (-1 - 0) + 2 - (-385 - -352)?
34
Calculate -224 + 169 + -4 + -12 - -35.
-36
Evaluate 82 - (8 - -43 - 47).
78
Evaluate -10 + 0 + (19 - (8 - (-5 - -12))).
8
What is the value of -6 + (24 - 